01011
In base 13, what is -252 - 214298?
-21451a
In base 2, what is 110 - 1011101100001001100?
-1011101100001000110
In base 2, what is 11001110101001010001 + -11000001?
11001110100110010000
In base 10, what is -78720944 + 1?
-78720943
In base 15, what is 1308 + 2e9?
1602
In base 10, what is 2 - -6128121?
6128123
In base 10, what is -28022983 + -11?
-28022994
In base 13, what is -9 - -2c899b?
2c8992
In base 11, what is -2650423 - -48?
-2650386
In base 4, what is -331303230111 - 11?
-331303230122
In base 3, what is 1110011102 - 100121?
1102210211
In base 13, what is 1 + a81835?
a81836
In base 16, what is -3c966b + 5?
-3c9666
In base 3, what is 10100122212 + -1002?
10100121210
In base 6, what is 331044545 + 403?
331045352
In base 10, what is -1116010176 - 2?
-1116010178
In base 11, what is 3431a8 - 283?
342a25
In base 16, what is 2 + -31e60a6?
-31e60a4
In base 10, what is -1062946 - 148?
-1063094
In base 2, what is 100 + -10111001101010101100011100?
-10111001101010101100011000
In base 7, what is 241531140 - 0?
241531140
In base 13, what is 2cca - 4?
2cc6
In base 13, what is -2907 - 7a72?
-a679
In base 4, what is 1 + -1011203001200?
-1011203001133
In base 3, what is 120101200000 - 2021?
120101120202
In base 12, what is 490086 - 6?
490080
In base 14, what is -39 + 95cadd?
95caa4
In base 4, what is -3 - 23011232332?
-23011233001
In base 7, what is 11634 - 635325?
-623361
In base 4, what is -1003 + 1301023021?
1301022012
In base 4, what is -1203001010133 + -2?
-1203001010201
In base 16, what is 2d6a399 - 4?
2d6a395
In base 16, what is 5 - 5b90eb?
-5b90e6
In base 12, what is 7b69 - -1a12?
997b
In base 3, what is -10010102000101 - -112?
-10010101222212
In base 6, what is -42200150 + -10?
-42200200
In base 12, what is 172 + 60613?
60785
In base 14, what is 221d16 + 5b?
221d73
In base 5, what is 3 + -11114220223?
-11114220220
In base 10, what is -3 - -174351939?
174351936
In base 9, what is 55571 + -471?
55100
In base 14, what is 1 + 31cb752?
31cb753
In base 12, what is -11954a - -1480?
-11808a
In base 5, what is 10 + -313010002?
-313004442
In base 2, what is -1011 - 1011100011111001000010?
-1011100011111001001101
In base 13, what is -b - 324323?
-324331
In base 11, what is 29011 - -4273?
32284
In base 12, what is 0 - 5732b6?
-5732b6
In base 3, what is 102110220212 + 1120122?
102112111111
In base 11, what is -58 + -4621a?
-46277
In base 6, what is 3 + 153410114?
153410121
In base 16, what is -3 - 3f56f99?
-3f56f9c
In base 16, what is -23869 + -2?
-2386b
In base 6, what is 5 + -23022442?
-23022433
In base 2, what is 1011110110101001100101 - 10101?
1011110110101001010000
In base 13, what is -109 + a9c2b1?
a9c1a5
In base 5, what is -13 + -132404111320?
-132404111333
In base 10, what is -1167781 - 5?
-1167786
In base 2, what is 10011100011111 + 1000010?
10011101100001
In base 2, what is -100 + -100110111111111100100001?
-100110111111111100100101
In base 9, what is 31 - -4063483?
4063524
In base 16, what is 60b3 + e0d?
6ec0
In base 4, what is 2 + -31122030013000?
-31122030012332
In base 8, what is -266 + -170674?
-171162
In base 15, what is 4 - 1005ab8?
-1005ab4
In base 8, what is -1 + -203012104?
-203012105
In base 2, what is 100001 + 1011111000100101010111?
1011111000100101111000
In base 2, what is 10011101000000000101 - 1011111111?
10011100110100000110
In base 11, what is -3369472 - -4?
-3369469
In base 2, what is -11100011010 + -11011101101110?
-11111010001000
In base 3, what is -120022 + 10121122202?
10121002110
In base 8, what is 0 - -10430243?
10430243
In base 11, what is -4 + -1071662?
-1071666
In base 11, what is -10691392a + -2?
-106913931
In base 16, what is -421dda - -2?
-421dd8
In base 15, what is -380e3 + -6c?
-38160
In base 3, what is 1220222211 + 122210022?
2120210010
In base 11, what is 164a3184 - 5?
164a317a
In base 10, what is -9308 + 96686?
87378
In base 14, what is -108 - 314a?
-3254
In base 11, what is 1978813 + -1?
1978812
In base 12, what is 28b + -4a8?
-219
In base 10, what is -406 + -68681?
-69087
In base 4, what is 3203320302310 - 1?
3203320302303
In base 12, what is -2 - -10b7196?
10b7194
In base 7, what is 6 + 12664304?
12664313
In base 15, what is 2 + 3a1e75?
3a1e77
In base 3, what is -1 + -1111000000202002?
-1111000000202010
In base 3, what is -212220111121021001 + -1?
-212220111121021002
In base 11, what is 266 - 31981?
-31716
In base 2, what is -1010100101100110101 - 101?
-1010100101100111010
In base 12, what is 1 + -7320528?
-7320527
In base 13, what is -12b - 34c5?
-3623
In base 10, what is -1511050 + 5?
-1511045
In base 13, what is -15885a5 + 3?
-15885a2
In base 6, what is 2053324113 + -5?
2053324104
In base 7, what is -136 - -250342?
250203
In base 16, what is 2f1 + 67e?
96f
In base 5, what is 1 + 2443402232?
2443402233
In base 12, what is 3 + 694588?
69458b
In base 14, what is 2ba4 - 70?
2b34
In base 15, what is 20c6 - -1479?
3550
In base 8, what is 13 - 66023470?
-66023455
In base 5, what is 0 + 24344040243?
24344040243
In base 3, what is 22122000 + 121101100?
221000100
In base 14, what is 1ad3000 - 3?
1ad2ddb
In base 8, what is -1660 - -725745?
724065
In base 14, what is 7 + -58990b?
-589904
In base 8, what is -7654203 - 3?
-7654206
In base 8, what is -1737264 + -120?
-1737404
In base 9, what is -11 + 1011144?
1011133
In base 9, what is 0 + 13446576?
13446576
In base 2, what is 10000000000101111001 - -11010?
10000000000110010011
In base 2, what is -10011111 + 1101111101000100000000?
1101111101000001100001
In base 13, what is -1 - -a8ac12?
a8ac11
In base 12, what is a3003 - -214?
a3217
In base 7, what is 5 - 651245015?
-651245010
In base 11, what is 51a1895 - 89?
51a1807
In base 14, what is -c - 4c79dc6?
-4c79dd4
In base 11, what is 2 + 1423733?
1423735
In base 12, what is -3630 + 203b?
-15b1
In base 6, what is -1130223344 - 4?
-1130223352
In base 2, what is -10101 + 10110000101100011?
10110000101001110
In base 14, what is -33ba46 + -46?
-33ba8c
In base 15, what is -145 - 226a9?
-227ee
In base 15, what is -2db + 1008c?
eca1
In base 16, what is 1 + -8a398d?
-8a398c
In base 9, what is -22 + 4318456?
4318434
In base 10, what is -581 + -10933?
-11514
In base 5, what is -1 - -30444104?
30444103
In base 4, what is 202232113 - 102?
202232011
In base 6, what is 2322 + 113514?
120240
In base 7, what is -602 - -1316004?
1315102
In base 8, what is -15762 - 11234?
-27216
In base 15, what is -3931b485 - 5?
-3931b48a
In base 16, what is 120e4e - -72?
120ec0
In base 2, what is 100 - -110000110111101000110101101?
110000110111101000110110001
In base 14, what is 7c2c282 + 4?
7c2c286
In base 13, what is -8 + 230253?
230248
In base 2, what is 1101000101 - 1100101101001001?
-1100100000000100
In base 10, what is -19214475 + 6?
-19214469
In base 4, what is -110102113 + 22?
-110102031
In base 14, what is 15b + 3a8986?
3a8b03
In base 5, what is 0 - 142334332404?
-142334332404
In base 9, what is 20343 + -1043?
18300
In base 7, what is -23460 - -16614?
-3543
In base 6, what is -2 - 2252540131?
-2252540133
In base 4, what is -20221 - 2330233?
-3011120
In base 6, what is 40243 + 1015?
41302
In base 16, what is -3f - 1cba?
-1cf9
In base 13, what is 1ca2 - -20486?
22458
In base 16, what is 2 - -253242?
253244
In base 12, what is -6196 - -8a86?
28b0
In base 10, what is -14993561 - 5?
-14993566
In base 4, what is -31133 - 3000303033?
-3001000232
In base 9, what is -473635 - 1608?
-475344
In base 6, what is -11 + 144124231?
144124220
In base 15, what is 10c - 1ae68?
-1ad5b
In base 2, what is -1110111110110100 + -10010111000?
-1111010001101100
In base 9, what is 7 + -113326834?
-113326826
In base 7, what is -1561 - 2212436?
-2214330
In base 5, what is -22 - 4402342?
-4402414
In base 10, what is -2 - 230305?
-230307
In base 16, what is -4 + -e9ce16d?
-e9ce171
In base 2, what is -11100 + -1110110010001000?
-1110110010100100
In base 14, what is 12 + ca6739?
ca674b
In base 8, what is 5036 - 4525?
311
In base 3, what is -10200010 + 1111122012?
1100222002
In base 2, what is -10100010110000010 - -10?
-10100010110000000
In base 2, what is 10 - -100100101111001110010100?
100100101111001110010110
In base 9, what is -28120186 - -2?
-28120184
In base 14, what is 9660 - -6a9?
9d29
In base 13, what is 1c + 1c4cb17?
1c4cb36
In base 13, what is 5bc2c53 - 0?
5bc2c53
